4*u + 12. Let r = u - d. What are the prime factors of r?
3
Suppose 43*l - 28*l = 2790. What are the prime factors of l?
2, 3, 31
Suppose -2*f - 1075 = -5*o + f, 5*f = -2*o + 399. What are the prime factors of o?
2, 53
Suppose -3*s + 4 = s - 5*m, 5*s = -5*m + 5. List the prime factors of 66/8 - s/4.
2
Suppose -4*b - y = -10, b - 2*y - 1 = 2*b. Suppose -n - 8 = -u, -5*u - 4*n - n = 0. Suppose -b*a + 26 = -u. What are the prime factors of a?
2, 5
Suppose -4*r = 70 + 86. Let q = 24 - 47. Let u = q - r. List the prime factors of u.
2
Let t be -1*2 + (6 - 0). Suppose 1 - 3 = -h + 3*v, -40 = t*h + 4*v. Let l(q) = -q**2 - 7*q + 4. List the prime factors of l(h).
2
Suppose 0 = 2*g + g - 141. What are the prime factors of g?
47
Suppose -a = -5*a + 5*b - 22, -4 = -2*b. Let h = a - -4. Let u(i) = 13*i. What are the prime factors of u(h)?
13
Let c = -282 - -403. List the prime factors of c.
11
Suppose s + 58 = 3*s. What are the prime factors of s?
29
Let z = -19 + 37. List the prime factors of z.
2, 3
Suppose z + 98 + 93 = 3*q, 5*q + 2*z - 333 = 0. What are the prime factors of q?
5, 13
Let m = -2 + 5. Suppose m*t + 3*n - 60 = 0, -21 = -2*t + 2*n - 1. What are the prime factors of t?
3, 5
Let g(z) = -z + 5. Let y be g(4). Let x(m) = 5*m**3 - 1. Let b be x(y). Suppose -i = -b*i + 30. List the prime factors of i.
2, 5
Let o = 9 - -2. What are the prime factors of (o/(-2))/(3/(-6))?
11
Suppose 53 = z - 16. What are the prime factors of z?
3, 23
What are the prime factors of (4/3)/4 - (-302)/3?
101
Suppose -2*i + 31 = 4*o - 11, 4*i - 96 = -2*o. List the prime factors of i.
5
Suppose 0 = -2*x + 4*v - 72, -5*v + 72 = -5*x - 83. List the prime factors of 2*x/8*-2.
13
Let v(d) = -17*d + 31. List the prime factors of v(-19).
2, 3, 59
Suppose 2*s + 8 = -2. List the prime factors of (6/4)/(s/(-70)).
3, 7
Suppose 8*w + 4*w = 1116. What are the prime factors of w?
3, 31
Let d = -1 - -5. Suppose -d*m = -o - 10, 4*o + 2*m - m - 11 = 0. List the prime factors of o.
2
List the prime factors of 1/1 + 7 + 22.
2, 3, 5
Suppose -4*s + s + 9 = 0, 4*i = 2*s - 6. Suppose -4*k = -4*w - 124, -4*k + i*w = 4*w - 84. What are the prime factors of k?
2, 13
Suppose -z = -4*l + 233, -3*l + 4*l - 4*z - 47 = 0. What are the prime factors of l?
59
Let g be 2*-1 + 9*1. Let p(n) = n**3 + 4*n**2 + 2*n + 6. Let c be p(-4). Let f = g - c. What are the prime factors of f?
3
Let l = -5 - -8. Suppose l*m + 22 = 5*m. List the prime factors of m.
11
Let p be (-1)/(-4) - (-177)/12. Suppose 0 = 4*q - 4 - 12. Let v = p - q. List the prime factors of v.
11
Let b(h) = h**2 - 9*h + 5. Let r be b(8). List the prime factors of 27 + 3/(-9)*r.
2, 7
Let z = -18 + 18. List the prime factors of 2 + (0 - z)/4.
2
Suppose -5*c + 2*w - 202 = 0, -4*w - 47 = 2*c + 29. Let g = -20 - c. What are the prime factors of g?
2, 5
Suppose -3*c + 36 = 4*g, -3*c + 4*c + 2*g = 12. What are the prime factors of c?
2, 3
Suppose -7*w + 254 = -75. What are the prime factors of w?
47
Let h(y) = -4*y**2 - 2*y**3 + 5 + 3*y**3 - 11*y + 14*y. List the prime factors of h(4).
17
Suppose -4*g - 27 = 53. List the prime factors of (16/g)/(1/(-20)).
2
Let u(a) = a**3 + 6*a**2 + 5*a + 6. Let q be u(-5). Suppose -3*k + q = k + 5*o, 3*k - 2*o - 16 = 0. What are the prime factors of k?
2
Suppose 72*c - 948 = 68*c. What are the prime factors of c?
3, 79
Let i = -58 + 96. List the prime factors of i.
2, 19
Suppose 4*c = -3*c + 581. List the prime factors of c.
83
Let h(n) = -n**2 + 7*n - 5. Let z be h(5). Suppose 4*b = 1 - z. What are the prime factors of 5 + (-1*3 - b)?
3
Let p = 3 + 0. Suppose -p*w + 17 = 8. What are the prime factors of w?
3
Let h = 42 + -60. Let i = -11 - h. List the prime factors of (-4)/(-14) + 33/i.
5
Suppose 4*l - 3*l = 0. List the prime factors of (l + 1)/(3/18).
2, 3
Suppose 124 = 2*w + 8. List the prime factors of w.
2, 29
Let j(y) = y**2 + 7*y - 5. Let z be j(-8). Suppose -4*b - c + 0*c = -31, -2*c + 17 = z*b. What are the prime factors of b?
3
Let y(w) = 9*w + 1. Let o(v) = 26*v + 3. Let d(m) = -4*o(m) + 11*y(m). Suppose 4*u = -4 - 0. What are the prime factors of d(u)?
2
Let b be 25/(-5)*16/(-5). Suppose -4*z + b = -z - f, -4*f = -z - 13. List the prime factors of z.
7
Let t be (-17)/5 - (-6)/15. Let h = 7 - t. List the prime factors of h.
2, 5
Let u = 5 + -6. What are the prime factors of (2/6)/(u/(-15))?
5
Suppose -62 - 22 = -3*u. List the prime factors of u.
2, 7
Let n(q) = -10*q - 3. Let j(r) = 2*r**2 + r - 1. Let m be j(-4). Let k be (-32)/18 + (-6)/m. List the prime factors of n(k).
17
Let m(h) = 8*h + 3. What are the prime factors of m(3)?
3
Suppose 4*r - 261 = -6*m + m, -5*m = 5*r - 265. What are the prime factors of m?
7
Suppose -l + w = 2*l + 5, 3*w - 9 = 3*l. Let j be (0/3 - -2)*l. List the prime factors of 8 - (4/(-2))/j.
7
Suppose -3*o - t + 29 = 6, 0 = 3*o + 3*t - 33. Let s = o + 8. List the prime factors of s.
2, 7
Let z = 13 - 19. Let n = 17 + z. List the prime factors of n.
11
Let i(k) = k**2 + 11*k - 5. Let q be i(-9). Suppose 4*o - 30 = 2*d, -3*d - 35 = -0*d - o. Let m = d - q. List the prime factors of m.
2, 3
Let t be (-2)/(-6) - (-30)/(-9). Let s = t - -3. Suppose s = 2*a - 6*a + 32. List the prime factors of a.
2
Suppose 0 = 7*l - 2*l + 130. Let i = l - -38. What are the prime factors of i?
2, 3
Suppose 0 = v - 4*w + 12, 4*w - 11 = -2*v + 1. Suppose v = -c - u - 5 + 22, -4*c + 2*u = -50. List the prime factors of c.
2, 7
Let f(q) = 2*q**2 - q - 3. Let u be 2/9 + (-312)/(-54). Suppose 3*l - l - u = 0. What are the prime factors of f(l)?
2, 3
Let w(m) = 14*m + 23. List the prime factors of w(18).
5, 11
Let n be 1*-2*3/(-6). Suppose x + 0 = n. List the prime factors of (1/(2/4))/x.
2
Let f = 0 - 1. Let k = f + 3. Suppose 0 = 4*p + 4*s - s - 62, k*p + 2*s = 30. List the prime factors of p.
17
Suppose -6*r = -3*r - 174. Suppose -4*x + x - 5*d = -r, 5*x - 3*d - 40 = 0. Let w = -8 + x. List the prime factors of w.
3
Suppose n + 4 + 5 = -2*f, -2*f + 36 = -2*n. Let l = 0 - n. List the prime factors of l.
3, 5
Let s be -2 - 1/(3/(-195)). Suppose 5*y + 2*w - s = 0, -2*y + 4*y + 3*w - 23 = 0. List the prime factors of y.
13
Suppose -163 = -4*n - 439. Let p = n + 104. Suppose 15 = 5*t - p. What are the prime factors of t?
2, 5
Suppose 6*f = 5*f - 3*c - 41, -2*f + 2*c - 98 = 0. What are the prime factors of f/(-9) - (-10)/(-45)?
5
Suppose 3*b = 5*j - 4 - 2, 2*b = 5*j - 4. Suppose -2*t - 3*v + 4 + 49 = j, 5*t - 125 = -5*v. Suppose -34 = -4*o + t. List the prime factors of o.
2, 7
Suppose 0 = -6*r + 3*r + 237. What are the prime factors of r?
79
Let y(g) = g. Let c be y(1). Let t be (1/3)/(c/12). Suppose -12 = -t*s - 4. List the prime factors of s.
2
Let v = 55 + -22. What are the prime factors of v?
3, 11
Suppose -5*f + 3*f = -j, 3 = -5*f + 4*j. Suppose -a - f = -0, 0 = x - 2*a - 16. What are the prime factors of x?
2, 7
Let q(s) = -23*s. List the prime factors of q(-4).
2, 23
Suppose 4*k + 0*k - 12 = 0. Suppose 20 = k*j - b + 6*b, -3*b = -j + 2. List the prime factors of j.
5
Suppose 4*t = -17*w + 16*w + 37, 0 = -2*w + 4*t + 86. List the prime factors of w.
41
Let d = -103 + 220. List the prime factors of d.
3, 13
Let l(y) = 23*y + 17. What are the prime factors of l(5)?
2, 3, 11
Let f = -7 + 12. Suppose 4*g - 2*y - 13 = -53, 0 = -5*g + f*y - 50. What are the prime factors of 4/g + (-188)/(-20)?
3
Suppose -5*t + 13 = -142. What are the prime factors of t?
31
Let i(g) = g**3 - 4*g**2 + g + 3. Let c be i(3). Let n = c + 11. Suppose 3*o = -n + 23. What are the prime factors of o?
5
Let o be 1/(-2) - (-450)/4. Suppose 0*b = 2*a + b - 74, -2*b + o = 3*a. List the prime factors of a.
2, 3
Let n(v) = -3*v + 1. Let a be n(1). Let w(j) = j**2 - 11*j + 8. Let s be w(6). What are the prime factors of (4/4)/(a/s)?
11
Suppose 4*s = 2*s - 30. Suppose 4*j = -22 + 6. Let y = j - s. List the prime factors of y.
11
Suppose -7*r + 123 = -6*r. What are the prime factors of r?
3, 41
Suppose 4*p - 4 = 0, 2*c - 820 + 151 = -3*p. What are the prime factors of c?
3, 37
Let x(k) = 30*k**2 + 2*k. List the prime factors of x(1).
2
List the prime factors of -1 - -50 - (12 - 15).
2, 13
Let h = 556 + -283. What are the prime factors of h?
3, 7, 13
Let r(g) = -g**2 + g + 3. Let l be r(0). Suppose -64 = -f - l*f. Suppose 0*a - f = -a. List